t -13 (base 4) to base 3.
-21
9 (base 16) to base 7
12
What is 47 (base 16) in base 15?
4b
-5 (base 7) to base 15
-5
Convert -88 (base 16) to base 6.
-344
What is 0 (base 15) in base 14?
0
Convert -10 (base 8) to base 2.
-1000
-1220 (base 4) to base 10
-104
-3 (base 6) to base 7
-3
Convert 1 (base 3) to base 6.
1
What is -25 (base 9) in base 16?
-17
-3 (base 9) to base 5
-3
What is -5 (base 10) in base 5?
-10
Convert 174 (base 11) to base 13.
127
What is -1120 (base 4) in base 5?
-323
Convert 4 (base 13) to base 4.
10
Convert 10 (base 5) to base 9.
5
Convert 110 (base 2) to base 3.
20
What is -3 (base 4) in base 14?
-3
1011 (base 2) to base 7
14
Convert -2 (base 15) to base 16.
-2
-5 (base 12) to base 13
-5
Convert 25 (base 9) to base 12.
1b
Convert -1 (base 9) to base 10.
-1
4 (base 16) to base 7
4
241 (base 10) to base 16
f1
Convert -60 (base 16) to base 10.
-96
-4 (base 10) to base 8
-4
-3 (base 16) to base 2
-11
Convert 110 (base 3) to base 11.
11
Convert -3 (base 9) to base 7.
-3
Convert -2 (base 4) to base 2.
-10
What is 15 (base 11) in base 6?
24
Convert 10 (base 16) to base 8.
20
22 (base 7) to base 13
13
-31 (base 11) to base 15
-24
3c (base 14) to base 7
105
-ac (base 14) to base 6
-412
What is 1d (base 14) in base 8?
33
-1001 (base 2) to base 3
-100
What is 2 (base 7) in base 3?
2
What is -11 (base 11) in base 6?
-20
-3 (base 4) to base 9
-3
Convert 0 (base 4) to base 12.
0
Convert 42 (base 11) to base 12.
3a
11 (base 2) to base 7
3
What is -2 (base 9) in base 15?
-2
What is 10 (base 5) in base 12?
5
What is -15 (base 7) in base 8?
-14
What is 4 (base 14) in base 10?
4
What is 12b (base 12) in base 13?
10a
What is -a (base 12) in base 13?
-a
What is -1211 (base 3) in base 16?
-31
-142 (base 6) to base 7
-116
What is 53 (base 8) in base 13?
34
What is -12c (base 13) in base 4?
-3033
101 (base 3) to base 13
a
Convert -146 (base 7) to base 16.
-53
Convert -2 (base 15) to base 6.
-2
Convert -135 (base 8) to base 12.
-79
0 (base 16) to base 15
0
What is -10011 (base 2) in base 14?
-15
What is 10 (base 3) in base 8?
3
What is 28 (base 14) in base 7?
51
-21 (base 5) to base 8
-13
Convert -d (base 15) to base 12.
-11
Convert 100 (base 3) to base 7.
12
1010000 (base 2) to base 15
55
Convert 3 (base 10) to base 11.
3
Convert 12 (base 5) to base 12.
7
Convert 2 (base 8) to base 12.
2
Convert -3 (base 6) to base 5.
-3
Convert 4 (base 15) to base 5.
4
Convert 24 (base 12) to base 11.
26
What is -2 (base 9) in base 15?
-2
What is 59 (base 11) in base 3?
2101
Convert -1 (base 9) to base 5.
-1
Convert -1 (base 14) to base 6.
-1
Convert 74 (base 9) to base 3.
2111
Convert -211 (base 6) to base 16.
-4f
-11 (base 3) to base 2
-100
-45 (base 6) to base 7
-41
0 (base 3) to base 9
0
What is 22 (base 10) in base 5?
42
Convert 5 (base 6) to base 8.
5
-8 (base 11) to base 13
-8
Convert b (base 15) to base 16.
b
What is -10 (base 12) in base 7?
-15
What is 5 (base 14) in base 16?
5
-5c (base 13) to base 14
-57
Convert -100011 (base 2) to base 5.
-120
What is -8 (base 12) in base 6?
-12
1 (base 10) to base 7
1
Convert 4 (base 13) to base 11.
4
2 (base 15) to base 3
2
Convert 10 (base 2) to base 10.
2
1203 (base 4) to base 5
344
-5 (base 9) to base 10
-5
Convert 72 (base 13) to base 15.
63
-53 (base 12) to base 8
-77
What is -33 (base 4) in base 2?
-1111
Convert 1002 (base 3) to base 6.
45
Convert -2 (base 11) to base 10.
-2
-64 (base 9) to base 7
-112
-13 (base 10) to base 13
-10
What is 2 (base 10) in base 8?
2
-66 (base 13) to base 6
-220
Convert 444 (base 5) to base 15.
84
What is 12 (base 3) in base 12?
5
Convert -53 (base 13) to base 3.
-2112
-11022 (base 3) to base 6
-312
0 (base 2) to base 12
0
2 (base 15) to base 12
2
Convert -1 (base 16) to base 7.
-1
Convert 2d (base 14) to base 3.
1112
Convert a7 (base 11) to base 10.
117
Convert -1 (base 16) to base 2.
-1
7 (base 16) to base 2
111
16 (base 8) to base 13
11
13 (base 15) to base 10
18
What is -52 (base 11) in base 15?
-3c
Convert -3 (base 14) to base 8.
-3
What is -10002 (base 3) in base 14?
-5d
19 (base 16) to base 15
1a
What is 5 (base 12) in base 3?
12
Convert 1b (base 12) to base 11.
21
Convert -1 (base 12) to base 14.
-1
c (base 15) to base 4
30
Convert 67 (base 16) to base 14.
75
Convert -101111 (base 2) to base 3.
-1202
Convert 13 (base 11) to base 8.
16
What is 36 (base 16) in base 3?
2000
Convert 4 (base 8) to base 9.
4
What is -33 (base 6) in base 16?
-15
What is -12 (base 3) in base 16?
-5
Convert 2 (base 8) to base 14.
2
What is 3 (base 16) in base 5?
3
Convert -124 (base 7) to base 14.
-4b
-10 (base 3) to base 8
-3
What is 2 (base 13) in base 12?
2
-6 (base 11) to base 2
-110
18 (base 10) to base 14
14
Convert -3 (base 14) to base 3.
-10
1100 (base 2) to base 7
15
What is -3 (base 12) in base 13?
-3
-4 (base 11) to base 12
-4
What is -21 (base 3) in base 2?
-111
What is 4 (base 6) in base 9?
4
What is -15 (base 11) in base 14?
-12
15 (base 13) to base 7
24
20 (base 4) to base 6
12
Convert 1a (base 16) to base 15.
1b
What is 5 (base 14) in base 12?
5
What is -48 (base 12) in base 6?
-132
Convert 1 (base 8) to base 14.
1
-1 (base 14) to base 15
-1
Convert -20000 (base 3) to base 8.
-242
20201 (base 3) to base 16
b5
What is 31 (base 5) in base 12?
14
What is -4 (base 6) in base 16?
-4
Convert -1 (base 3) to base 7.
-1
-1a (base 13) to base 6
-35
-18 (base 11) to base 6
-31
What is -28 (base 9) in base 12?
-22
Convert 22 (base 7) to base 14.
12
Convert -88 (base 15) to base 10.
-128
-7 (base 12) to base 5
-12
16 (base 15) to base 3
210
What is -c (base 16) in base 12?
-10
12 (base 9) to base 10
11
Convert -6 (base 9) to base 13.
-6
-9 (base 16) to base 3
-100
177 (base 14) to base 3
102011
What is 18 (base 9) in base 10?
17
What is -c (base 15) in base 12?
-10
What is 10 (base 3) in base 4?
3
What is -32 (base 13) in base 8?
-51
What is 5 (base 12) in base 13?
5
2 (base 8) to base 2
10
Convert 2 (base 8) to base 10.
2
51 (base 10) to base 6
123
Convert -10 (base 2) to base 8.
-2
5 (base 10) to base 16
5
7c (base 14) to base 8
156
c (base 16) to base 4
30
What is -1 (base 12) in base 10?
-1
1 (base 14) to base 3
1
Convert 34 (base 8) to base 4.
130
What is -32 (base 5) in base 14?
-13
-10 (base 5) to base 13
-5
Convert -23 (base 4) to base 15.
-b
What is -9 (base 14) in base 5?
-14
What is -8 (base 16) in base 9?
-8
22 (base 7) to base 5
31
Convert -4 (base 8) to base 12.
-4
What is -110 (base 12) in base 10?
-156
What is 103 (base 5) in base 11?
26
32 (base 5) to base 10
17
Convert 112 (base 4) to base 5.
42
Convert -20 (base 3) to base 6.
-10
What is -1111 (base 4) in base 12?
-71
12 (base 3) to base 12
5
What is 88 (base 9) in base 3?
2222
-3 (base 4) to base 3
-10
0 (base 14) to base 13
0
Convert 2 (base 15) to base 4.
2
1 (base 9) to base 7
1
-3 (base 4) to base 10
-3
Convert -11010 (base 2) to base 8.
-32
Convert -155 (base 7) to base 2.
-1011001
Convert -1 (base 7) to base 12.
-1
Convert 2 (base 11) to base 8.
2
Convert -26 (base 11) to base 10.
-28
Convert -21 (base 4) to base 10.
-9
What is 5 (base 9) in base 8?
5
-100111 (base 2) to base 3
-1110
-127 (base 8) to base 2
-1010111
What is -1 (base 7) in base 13?
-1
Convert 3a (base 16) to base 5.
213
What is -9 (base 11) in base 5?
-14
Convert 21 (base 3) to base 16.
7
3312 (base 4) to base 15
116
21 (base 11) to base 3
212
Convert -4 (base 6) to base 2.
-100
What is 0 (base 12) in base 6?
0
-1000001 (base 2) to base 13
-50
Convert -20110 (base 3) to base 15.
-b9
Convert 20 (base 16) to base 14.
24
-17 (base 12) to base 11
-18
Convert -1000 (base 2) to base 14.
-8
-2011 (base 4) to base 16
-85
Convert 0 (base 8) to base 4.
0
Convert -2300 (base 5) to base 12.
-231
Convert 1110 (base 3) to base 11.
36
Convert -1 (base 3) to base 4.
-1
Convert -33 (base 6) to base 12.
-19
-78 (base 9) to base 6
-155
-110 (base 4) to base 9
-22
Convert -1 (base 16) to base 8.
-1
-2 (base 12) to base 14
-2
Convert 110000 (base 2) to base 12.
40
What is -78 (base 10) in base 11?
-71
Convert -109 (base 11) to base 9.
-154
-341 (base 5) to base 9
-116
23b (base 12) to base 7
656
Convert 21 (base 7) to base 4.
33
What is -3 (base 16) in base 9?
-3
1202 (base 5) to base 12
129
Convert 101 (base 5) to base 15.
1b
What is 2 (base 4) in base 13?
2
What is 21